osite?
True
Let s be (0 + 0 - 1) + (-49 - -431). Suppose -2*x + 390 = 2*d, -3*x + d + 775 = x. Let i = s - x. Is i prime?
False
Let p be ((-4)/5)/(6/(-30)). Suppose -x = 4*d - 12, -p*x + 6 = 2*d + x. Suppose -d*o = -2*o - 37. Is o a prime number?
True
Let h(n) = -n**3 - 2*n - 14. Let a be h(-8). Suppose a = p - 2*t - t, 2*p - t = 1008. Is p prime?
False
Suppose 3*k - 1 = 5. Let t(h) = -229*h + 2. Let q be t(k). Let m = 1043 + q. Is m a prime number?
True
Let y(s) = -14*s**2 - s - 2. Let d be y(-1). Is 10/(-15) - 3565/d a prime number?
False
Suppose -8*j = -11*j + 15423. Is j a prime number?
False
Let c(y) = -y**3 - 15*y**2 - 14*y + 15. Let j = 81 - 24. Let v be j/(-4) + (-2)/(-8). Is c(v) prime?
False
Suppose 1000 = 11*l - 10*l. Suppose 4*q - l = 4*s, -4*s - 197 = 4*q - 1221. Is q a prime number?
False
Is (7246*2/2)/2 a prime number?
True
Let u(t) = t**2 + 5*t + 3. Let r be u(-5). Suppose -4*w = 5*j - 9741, w = -r*j - 4*w + 5842. Is j a composite number?
False
Suppose 0*g = 3*g - 9. Suppose 27 = 4*k + 5*o, 5 = g*o - 4. Suppose 0 = -2*b - k*b + 925. Is b a prime number?
False
Let y = 11 - 7. Is 116 - (5 + (2 - y)) a prime number?
True
Suppose -78*g - 8542 = -80*g. Is g a composite number?
False
Suppose k - 4*k + 5*y = -176, 0 = -3*k + 3*y + 174. Suppose 5*q = 4*o + k, -4*q + 2*o = -15 - 27. Suppose -11*f + 148 = -q*f. Is f prime?
False
Let z(b) = 15*b**3 + b**2 + 5*b - 2. Let o be z(3). Let l = o + -268. Suppose -8*c + l = -265. Is c a composite number?
False
Suppose q + 5*f + 7 + 8 = 0, f = 5*q - 3. Suppose q*w + 1174 = 2*w. Is w composite?
False
Suppose 4*n + 5*y = 3*y + 42194, -3*n = -5*y - 31626. Is n a prime number?
False
Let y = 28 - 72. Let d = y + 171. Is d prime?
True
Let u = 649 + -332. Is u a prime number?
True
Let a(p) = -p**3 + p**2 - 2*p + 4. Let m be a(-3). Let n = m - -102. Let j = n - -55. Is j composite?
True
Suppose 0 = -17*u + 14*u + 33339. Is u a composite number?
False
Let u = 25 - 31. Is 1624/35 + u/(-10) composite?
False
Suppose 10*r = 7*r. Suppose w - 2007 - 2453 = r. Suppose w = u + 3*u. Is u a prime number?
False
Let v = 81865 + 82290. Is v a composite number?
True
Let c be (-18)/42 + (-314)/(-14). Suppose 3*b - k = c, -9 = -3*b - k + 11. Is b composite?
False
Suppose 58*a = 53*a, 21362 = 2*b - 5*a. Is b a prime number?
False
Let s(n) = -8*n - 8. Let k = -6 + 1. Let c be s(k). Suppose -u = c - 138. Is u prime?
False
Suppose 4*w = k - 2*k + 18028, 0 = 3*w + 2*k - 13521. Is w a prime number?
True
Suppose -4*r + 5*n = -193566, 4*r - 70*n - 193582 = -73*n. Is r prime?
False
Let o(d) be the third derivative of 2*d**5/15 + d**4/3 + d**3/2 - d**2 - 15. Is o(-17) composite?
False
Suppose 34*u - 21515 = 29*u. Is u composite?
True
Let s = -166 + 4507. Let n = -2942 + s. Is n composite?
False
Suppose 3*u + 98882 = 5*s, -3*s = 5*u - 30320 - 29016. Is s prime?
True
Suppose -661864 = -51*o - 86227. Is o composite?
False
Let b = -33628 - -52251. Is b a prime number?
False
Suppose 53*f - 647054 = 19*f. Is f composite?
False
Let j = 248 - -503. Is j prime?
True
Let c = -16 - -18. Let n(h) = 5*h**2 - 3*h. Let d be n(c). Is d/(-21)*474/(-4) a composite number?
False
Suppose -38*q + 32540 = 5*c - 43*q, 25987 = 4*c + 5*q. Is c a prime number?
False
Suppose 0 = -3*n - 3*w + 4*w + 917, 2*n - w - 610 = 0. Is n prime?
True
Is ((-5)/(-2) + -2)*(123007 - 5) composite?
True
Let f = -336 - -2050. Is f a composite number?
True
Let f(c) = -2*c**2 - 2 - 11*c + 0*c**2 + 3*c**2 + 6. Let h be f(11). Suppose 0*q - h*q = 2*b - 606, 2*q + 4*b = 318. Is q a composite number?
False
Is -1 - 4*-1*17630/40 prime?
False
Let n(q) = 20*q + 33. Let y be n(-20). Let g = y + 516. Is g a prime number?
True
Suppose 5*p + 10 = 35. Suppose h + p*g - 20 = 0, -5*h = -2*h - 2*g + 25. Let t(w) = -16*w + 5. Is t(h) a composite number?
True
Suppose 2 = p - 2. Suppose 5*h - 2 = -3*z + 8, 2*h - p = -z. Suppose z = -3*k + 243 + 138. Is k composite?
False
Let j = -33 - -48. Suppose 0 = -17*q + j*q + 674. Is q a prime number?
True
Let i(d) = 5*d**2 + d + 1. Let n be i(-1). Suppose -5*y + 10 + n = 0. Suppose y*z - 10 = 11. Is z a composite number?
False
Suppose -2*z - 2855 = -t, 2*t = 5*z - 0*z + 5712. Is t prime?
True
Let y(x) = 123*x**3 - 3*x**2 + 3. Let c be y(-2). Is (c + 2 + -2)/((-6)/4) composite?
True
Let d = 18747 + -11518. Is d prime?
True
Suppose 3*a - 12 = 2*t, 0 = -2*a + 2*t + 3*t - 3. Is (4/a)/((-16)/(-1896)) composite?
False
Let f be 240/(-70) + (-8)/14. Let b be -15 + 1 + f + 4. Is 333/(-6)*b/3 composite?
True
Let w be -1 - (-30)/12 - (-906)/4. Let s = w + 59. Is s prime?
False
Suppose 7*o = -k + 2*o + 45931, -4*k + 4*o + 183772 = 0. Is k composite?
True
Is (-5)/(-10)*1141*2 prime?
False
Suppose -8 = -4*a - 216. Let d = 74 + a. Is d a composite number?
True
Let n = -351 + 908. Is n a prime number?
True
Is 761391/21 + 3 + 114/(-42) prime?
False
Suppose 2*n - 2*m = -28, 0*m - 8 = n + 5*m. Let r = -11 - n. Suppose -3*i + r*i = -31. Is i prime?
True
Suppose -5*l = 2*k - 226103, 0 = -2*l + 5*k + 17033 + 73414. Is l prime?
False
Suppose -4*w + 3 = -5, -3*s + 5077 = -4*w. Let c = 1005 - s. Let t = 1261 + c. Is t composite?
False
Let h(g) = -g**2 + 3*g - 1. Let t be h(2). Let w(u) = u**3 + 2*u**2 - u. Let k be w(t). Suppose 2*s = r - 140, -r = -k*r + 3*s + 139. Is r a composite number?
True
Suppose 0 = 8*g - 10*g + 6. Is g - -491 - 1/(-1)*3 a prime number?
False
Suppose -6*z = -19*z + 45331. Is z composite?
True
Suppose -16*b = -25424 - 25184. Is b composite?
False
Let q be 1358/(-21) - 4/(-6). Let u be (-249 + -2)*(1 - 2). Let g = u + q. Is g prime?
False
Suppose -6*h + 2*h + 2700 = 0. Let o = h - 476. Is o prime?
True
Suppose -14*b - 12385 = -19*b. Is b composite?
False
Suppose -f + 5*l - 431 = 3*l, -3*l - 1669 = 4*f. Let s = 800 + f. Is s a prime number?
True
Let o(u) = 45*u + 167. Is o(11) prime?
False
Let s(u) = -3*u - 15. Let t be s(9). Let n = t - -12. Is 5/n - 1279/(-6) prime?
False
Let b be ((-12)/8)/((-15)/40) - -12. Suppose -5*r + 3601 - b = 0. Is r a composite number?
True
Suppose 2*z = -21 - 9. Let a be (-2)/(-5) - (-36)/z. Is (489/12)/(a/(-8)) prime?
True
Let h = -11 + 9. Let b be ((-2222)/(-33))/(h/3). Let t = b - -438. Is t a composite number?
False
Let s(i) be the second derivative of i**5/20 + i**3/3 + 5*i**2/2 - 3*i. Suppose 5*p = 10, -3*f + 8 + 14 = 5*p. Is s(f) a prime number?
False
Is (48/(-32))/(12/(-31912)) a prime number?
True
Let i = -7 - -8. Let q = -5 - i. Is ((-44)/(-6))/((-2)/q) a prime number?
False
Let u be (2938/52)/(2/504). Suppose -1 - 5 = -2*f, 0 = 5*d + f - u. Suppose -3*y = 3*a + 2*a - 1733, 0 = 5*y - 2*a - d. Is y a composite number?
False
Suppose 65*j + 48044 = 69*j. Is j composite?
False
Let k = 16 - 26. Let v = k - -15. Suppose -v*t = -406 + 81. Is t a prime number?
False
Let n(m) = -5396*m + 91. Is n(-2) a composite number?
False
Suppose -l + 4*r + 84 = 3*l, 3*r - 13 = -l. Let t = -6 + l. Is t composite?
False
Let l be 3/(-2)*788/(-6). Suppose -s - j = s + l, 0 = -s - j - 97. Let x = s - -197. Is x prime?
True
Let h = 10482 - 4495. Is h composite?
False
Suppose 22825 = 3*i - m, -i = -2*m - 8192 + 577. Is i a prime number?
True
Suppose -2 = -3*j + 10. Suppose j*g = 3271 - 1043. Is g prime?
True
Suppose 0 = 5*p - 9*p + 624. Let k = -335 - p. Let g = -12 - k. Is g a composite number?
False
Let z(f) = -f**3 + 21*f**2 - f + 24. Let u be z(21). Let t be (-1 + -140)*-2 - 0. Suppose u*r - t = r. Is r a composite number?
True
Let r = 4973 + -2640. Is r composite?
False
Let j(t) = -35*t**2 + t - 1. Let d be -14 - (2 + 2 + -5). Let n(l) = 70*l**2 - 2*l + 2. Let k(m) = d*j(m) - 6*n(m). Is k(1) a composite number?
True
Suppose 3*h - 14178 = -3*w + 3471, 11776 = 2*h + 4*w. Is h prime?
False
Suppose 191587 = -170*k + 181*k. Is k prime?
True
Suppose -5*h + 33647 = -4*q, -h - 4*q + 3143 = -3596. Is h composite?
True
Suppose 0 = i + 4*n + 16, i - 3*n = 16 + 3. Suppose i*c = 9*c. Is 21 + 11 - (c - -1) prime?
True
Is (-1 - 2)*(-2004)/18 - -3 prime?
True
Suppose 4*p = 0, q + 7712 = 5*q + 3*p. Suppose 3*y + 1098 = -v, -2*v - 4*y = -0*v + 2202. Let i = q + v. Is i a prime number?
True
Let g(f) = -12*f + 6*f + 29*f + 1 - 31. Is g(13) composite?
False
Suppose 0 = 4*a - 1843 - 2025. Let u = a + -14. Is u a prime number?
True
Suppose 3*f - 16*f = -56927.